se 6.
-1
Convert -101000 (base 2) to base 6.
-104
Convert -35 (base 8) to base 6.
-45
What is 6 (base 13) in base 7?
6
-121 (base 5) to base 11
-33
0 (base 10) to base 3
0
Convert 34 (base 9) to base 15.
21
-15 (base 9) to base 13
-11
-17 (base 16) to base 4
-113
-6 (base 14) to base 12
-6
Convert -2b (base 15) to base 7.
-56
-2 (base 16) to base 5
-2
What is 232 (base 4) in base 10?
46
What is 85 (base 12) in base 3?
10202
1010000 (base 2) to base 15
55
-2 (base 11) to base 5
-2
What is 3 (base 8) in base 12?
3
Convert -2 (base 3) to base 10.
-2
Convert -1 (base 13) to base 15.
-1
-100 (base 2) to base 3
-11
4e (base 16) to base 13
60
What is 7 (base 16) in base 12?
7
-13 (base 6) to base 13
-9
24 (base 5) to base 8
16
-a8 (base 13) to base 16
-8a
34 (base 10) to base 3
1021
What is 28 (base 16) in base 10?
40
-1 (base 5) to base 10
-1
Convert -418 (base 9) to base 16.
-155
Convert 461 (base 7) to base 12.
17b
What is 0 (base 15) in base 7?
0
6 (base 15) to base 13
6
-4 (base 16) to base 15
-4
-21 (base 8) to base 13
-14
-1 (base 12) to base 13
-1
Convert 112 (base 4) to base 6.
34
Convert 8 (base 12) to base 16.
8
Convert 11 (base 15) to base 11.
15
What is -12 (base 8) in base 6?
-14
Convert -4 (base 8) to base 13.
-4
What is -1 (base 13) in base 16?
-1
1 (base 2) to base 6
1
Convert -214 (base 5) to base 3.
-2012
Convert 23 (base 15) to base 7.
45
4 (base 15) to base 4
10
What is 0 (base 14) in base 11?
0
What is 2a (base 11) in base 14?
24
Convert 200 (base 3) to base 15.
13
-2 (base 16) to base 10
-2
What is 1 (base 7) in base 15?
1
1 (base 7) to base 5
1
Convert -9 (base 14) to base 4.
-21
What is 1 (base 15) in base 9?
1
What is 1 (base 13) in base 9?
1
Convert -200 (base 3) to base 6.
-30
Convert -163 (base 10) to base 7.
-322
What is 21 (base 5) in base 4?
23
Convert -a1 (base 15) to base 3.
-12121
288 (base 11) to base 14
1a2
What is -15 (base 16) in base 12?
-19
What is 21 (base 3) in base 5?
12
Convert 22 (base 6) to base 7.
20
What is 0 (base 15) in base 8?
0
Convert -286 (base 11) to base 9.
-413
-21 (base 3) to base 13
-7
-1100 (base 3) to base 15
-26
What is 11 (base 6) in base 4?
13
11 (base 4) to base 7
5
-9d (base 14) to base 11
-117
-9 (base 14) to base 2
-1001
Convert -5 (base 12) to base 4.
-11
Convert 14 (base 5) to base 14.
9
132 (base 6) to base 12
48
-11222 (base 3) to base 8
-206
-a (base 12) to base 9
-11
What is 1422 (base 5) in base 6?
1033
Convert 24 (base 16) to base 11.
33
Convert 14e (base 16) to base 15.
174
-1a (base 16) to base 4
-122
What is -10 (base 14) in base 16?
-e
What is 110 (base 2) in base 10?
6
-1 (base 5) to base 8
-1
-10001 (base 2) to base 13
-14
Convert -1 (base 12) to base 16.
-1
Convert 317 (base 8) to base 15.
dc
What is -2 (base 13) in base 15?
-2
-7 (base 8) to base 4
-13
Convert 2 (base 10) to base 15.
2
Convert 3 (base 13) to base 11.
3
What is 4 (base 16) in base 5?
4
What is 32 (base 5) in base 10?
17
What is 12 (base 5) in base 7?
10
Convert -3 (base 11) to base 4.
-3
21 (base 14) to base 9
32
What is -5 (base 15) in base 10?
-5
Convert 1444 (base 5) to base 13.
162
-50 (base 16) to base 14
-5a
-122 (base 3) to base 9
-18
-9 (base 14) to base 10
-9
Convert -73 (base 9) to base 6.
-150
Convert b3 (base 15) to base 14.
c0
Convert 1032 (base 4) to base 15.
53
b0 (base 12) to base 11
110
3 (base 4) to base 14
3
Convert -c3 (base 15) to base 9.
-223
-10 (base 16) to base 13
-13
What is 2 (base 3) in base 4?
2
What is -21 (base 6) in base 7?
-16
What is 20 (base 5) in base 10?
10
Convert -110 (base 2) to base 9.
-6
46 (base 15) to base 10
66
-37 (base 8) to base 10
-31
Convert -10001 (base 2) to base 10.
-17
Convert 1030 (base 4) to base 15.
51
101001 (base 2) to base 4
221
2 (base 12) to base 4
2
Convert 7 (base 12) to base 3.
21
242 (base 5) to base 4
1020
Convert -10 (base 4) to base 9.
-4
Convert -9b (base 12) to base 8.
-167
Convert -11 (base 3) to base 15.
-4
-201 (base 7) to base 8
-143
2 (base 15) to base 9
2
What is a7 (base 16) in base 2?
10100111
Convert -105 (base 12) to base 13.
-b6
What is 0 (base 5) in base 8?
0
Convert -3 (base 4) to base 15.
-3
What is 4 (base 8) in base 4?
10
-1 (base 10) to base 13
-1
What is -1 (base 14) in base 16?
-1
What is -5 (base 13) in base 15?
-5
1c (base 13) to base 5
100
Convert -19 (base 11) to base 13.
-17
What is 12 (base 9) in base 14?
b
Convert 2 (base 13) to base 16.
2
Convert 3c (base 13) to base 2.
110011
-13 (base 4) to base 3
-21
-2 (base 15) to base 13
-2
What is -37 (base 13) in base 14?
-34
What is -5 (base 13) in base 6?
-5
6a (base 14) to base 8
136
31 (base 6) to base 8
23
What is 2 (base 6) in base 8?
2
Convert -101 (base 2) to base 6.
-5
What is 4a (base 15) in base 14?
50
-56 (base 14) to base 9
-84
-188 (base 13) to base 8
-431
Convert 3 (base 12) to base 5.
3
What is -346 (base 9) in base 3?
-101120
What is 6 (base 13) in base 16?
6
2b (base 13) to base 11
34
Convert 52 (base 9) to base 6.
115
What is 1100 (base 2) in base 5?
22
Convert 37 (base 10) to base 5.
122
What is 4 (base 16) in base 13?
4
-13 (base 10) to base 15
-d
-71 (base 15) to base 14
-78
What is 2 (base 9) in base 2?
10
Convert -2 (base 16) to base 5.
-2
3 (base 6) to base 4
3
What is 33 (base 5) in base 2?
10010
Convert 6b (base 14) to base 4.
1133
What is -27 (base 10) in base 4?
-123
What is -d (base 16) in base 8?
-15
-5 (base 12) to base 14
-5
What is 1 (base 11) in base 7?
1
Convert 1 (base 16) to base 11.
1
Convert 2 (base 6) to base 11.
2
What is 8 (base 16) in base 15?
8
-303 (base 4) to base 9
-56
Convert 20 (base 4) to base 5.
13
What is 4 (base 11) in base 16?
4
Convert -2 (base 5) to base 10.
-2
Convert -12 (base 4) to base 13.
-6
Convert -2 (base 3) to base 9.
-2
-1111 (base 2) to base 9
-16
11202 (base 3) to base 7
242
Convert -67 (base 8) to base 14.
-3d
16 (base 16) to base 15
17
What is -4 (base 5) in base 13?
-4
-22b (base 12) to base 15
-168
Convert 320 (base 6) to base 14.
88
Convert -10102 (base 3) to base 13.
-71
What is 62 (base 7) in base 4?
230
What is -74 (base 8) in base 13?
-48
Convert -1 (base 11) to base 3.
-1
What is -1002 (base 3) in base 10?
-29
What is -4 (base 14) in base 11?
-4
What is 4 (base 5) in base 10?
4
2101 (base 4) to base 6
401
What is 100 (base 2) in base 8?
4
What is 5 (base 15) in base 4?
11
-130 (base 9) to base 14
-7a
What is 3 (base 11) in base 5?
3
-3 (base 15) to base 6
-3
1 (base 3) to base 9
1
Convert -100 (base 2) to base 9.
-4
Convert -e (base 16) to base 5.
-24
What is -1010 (base 3) in base 14?
-22
Convert 44 (base 8) to base 6.
100
Convert c (base 14) to base 3.
110
Convert 171 (base 12) to base 2.
11100101
What is 16 (base 10) in base 12?
14
What is 1 (base 15) in base 6?
1
What is -2 (base 4) in base 12?
-2
Convert 4 (base 12) to base 14.
4
What is 89 (base 11) in base 4?
1201
Convert -290 (base 10) to base 8.
-442
28 (base 14) to base 3
1100
Convert -47 (base 9) to base 7.
-61
-16 (base 7) to base 15
-d
Convert 32 (base 6) to base 12.
18
4 (base 13) to base 6
4
Convert 10 (base 5) to base 11.
5
-1000 (base 2) to base 12
-8
6 (base 15) to base 16
6
What is 35 (base 8) in base 7?
41
Convert -73 (base 9) to base 8.
-102
What is -32 (base 10) in base 11?
-2a
101 (base 3) to base 7
13
Convert -13 (base 4) to base 15.
-7
What is 415 (base 6) in base 14?
b1
What is -344 (base 9) in base 11?
-238
What is 6 (base 15) in base 4?
12
-200 (base 4) to base 12
-28
What is -2 (base 5) in base 2?
-10
Convert -242 (base 5) to base 7.
-132
1a (base 11) to base 6
33
-10 (base 11) to base 5
-21
Convert 1 (base 4) to base 11.
1
What is 50 (base 7) in base 10?
35
What is -12 (base 3) in base 13?
-5
What is -26 (base 7) in base 13?
-17
What is -40 (base 14) in base 3?
-2002
What is 87 (base 9) in base 3?
2221
Convert 22 (base 12) to base 16.
1a
Convert 10 (base 3) to base 9.
3
What is 63 (base 14) in base 3?
10020
-20 (base 8) to base 10
-16
-32 (base 14) to base 11
-40
What is -37 (base 9) in base 6?
-54
What is -23 (base 5) in base 6?
-21
Convert 42 (base 8) to base 5.
114
What is -248 (base 10) in base 5?
-1443
What is -232 (base 5) in base 12?
-57
-3 (base 6) to base 11
-3
Convert 14 (base 13) to base 5.
32
Convert 101 (base 5) to base 8.
32
Convert -12 (base 16) to base 10.
-18
What is -1000110 (base 2) 